5676 a multiple of 66?
True
Does 5 divide 313?
False
Does 44 divide 2807?
False
Is 46 a factor of 184?
True
Is 218 a multiple of 3?
False
Is 66 a multiple of 6?
True
Does 44 divide 7455?
False
Does 58 divide 754?
True
Is 484 a multiple of 44?
True
Is 1155 a multiple of 12?
False
Does 31 divide 1736?
True
Does 13 divide 1935?
False
Does 12 divide 19394?
False
Does 95 divide 665?
True
Is 254 a multiple of 3?
False
Does 11 divide 2849?
True
Does 37 divide 481?
True
Does 125 divide 10486?
False
Is 39 a factor of 3242?
False
Is 22 a factor of 1540?
True
Is 12 a factor of 876?
True
Is 131 a factor of 15791?
False
Is 175691 a multiple of 12?
False
Does 22 divide 88?
True
Is 8 a factor of 6069?
False
Does 236 divide 14868?
True
Is 90 a factor of 16962?
False
Is 6279 a multiple of 69?
True
Does 3 divide 102?
True
Does 60 divide 1766?
False
Does 7 divide 140?
True
Is 992 a multiple of 33?
False
Is 257 a multiple of 13?
False
Is 5 a factor of 278?
False
Is 4425 a multiple of 25?
True
Is 63 a factor of 3654?
True
Does 9 divide 801?
True
Is 392 a multiple of 28?
True
Is 101 a factor of 1717?
True
Is 20 a factor of 6400?
True
Is 147 a factor of 6146?
False
Does 224 divide 48848?
False
Is 1254 a multiple of 38?
True
Does 4 divide 220?
True
Does 72 divide 346?
False
Is 47 a factor of 8319?
True
Does 43 divide 13405?
False
Is 25 a multiple of 5?
True
Does 67 divide 600?
False
Is 85 a multiple of 17?
True
Is 11439 a multiple of 108?
False
Does 33 divide 1914?
True
Does 21 divide 1027?
False
Is 46620 a multiple of 333?
True
Is 13668 a multiple of 12?
True
Is 25 a factor of 1992?
False
Is 6 a factor of 1500?
True
Is 12838 a multiple of 49?
True
Is 13 a factor of 85568?
False
Is 192 a multiple of 96?
True
Does 184 divide 23552?
True
Is 13 a factor of 15054?
True
Does 19 divide 836?
True
Does 15 divide 79335?
True
Is 122 a factor of 16632?
False
Does 33 divide 1254?
True
Is 4 a factor of 5532?
True
Does 29 divide 10235?
False
Is 11 a factor of 4117?
False
Does 11 divide 785?
False
Is 13734 a multiple of 14?
True
Is 3548 a multiple of 23?
False
Is 25 a factor of 30125?
True
Does 35 divide 18655?
True
Is 11 a factor of 527?
False
Does 37 divide 2278?
False
Does 6 divide 3879?
False
Does 59 divide 12449?
True
Is 133 a factor of 108161?
False
Is 2142 a multiple of 126?
True
Is 21 a factor of 366?
False
Does 75 divide 1575?
True
Does 4 divide 15?
False
Does 22 divide 22518?
False
Is 1359 even?
False
Is 5978 a multiple of 10?
False
Is 14905 a multiple of 31?
False
Does 18 divide 7992?
True
Does 9 divide 513?
True
Is 2252 a multiple of 28?
False
Is 21 a factor of 700?
False
Does 15 divide 3806?
False
Is 34 a factor of 33537?
False
Is 6380 a multiple of 116?
True
Is 16 a factor of 21627?
False
Is 40 a factor of 1362?
False
Is 7774 a multiple of 26?
True
Is 16 a factor of 263?
False
Is 115 a multiple of 10?
False
Is 13968 a multiple of 16?
True
Is 9572 a multiple of 11?
False
Is 72 a factor of 1697?
False
Does 13 divide 30643?
False
Is 11279 a multiple of 25?
False
Is 75 a factor of 2625?
True
Does 26 divide 62446?
False
Does 32 divide 608?
True
Does 19 divide 97755?
True
Is 30 a factor of 720?
True
Is 14 a factor of 100401?
False
Does 6 divide 7200?
True
Is 48 a multiple of 17?
False
Is 43038 a multiple of 17?
False
Is 1700 a multiple of 68?
True
Does 42 divide 588?
True
Does 9 divide 536?
False
Is 32 a factor of 21462?
False
Is 6 a factor of 2640?
True
Is 136 a factor of 5832?
False
Does 10 divide 7460?
True
Is 16 a factor of 19596?
False
Is 185044 a multiple of 45?
False
Is 136 a multiple of 4?
True
Is 95 a factor of 19190?
True
Is 17 a factor of 5677?
False
Does 32 divide 4290?
False
Does 252 divide 62438?
False
Does 40 divide 75561?
False
Is 55 a factor of 8844?
False
Is 5202 a multiple of 84?
False
Does 8 divide 15430?
False
Is 4030 a multiple of 10?
True
Is 6 a factor of 6916?
False
Is 903 a multiple of 21?
True
Is 6 a factor of 210?
True
Is 26 a factor of 1261?
False
Is 1267 a multiple of 18?
False
Does 193 divide 40144?
True
Is 44 a factor of 46097?
False
Does 52 divide 4020?
False
Is 12 a factor of 868?
False
Does 48 divide 2448?
True
Does 28 divide 83791?
False
Is 22 a factor of 968?
True
Does 35 divide 3920?
True
Does 26 divide 1716?
True
Is 502 a multiple of 80?
False
Is 1121 a multiple of 62?
False
Is 21 a factor of 3738?
True
Does 30 divide 12990?
True
Does 216 divide 64152?
True
Is 12604 even?
True
Does 3 divide 143?
False
Does 9 divide 9333?
True
Is 28 a factor of 3080?
True
Is 33 a factor of 1902?
False
Does 21 divide 1021?
False
Does 77 divide 2541?
True
Is 25 a factor of 36375?
True
Does 26 divide 52?
True
Is 8879 a multiple of 5?
False
Is 11039 a multiple of 7?
True
Is 34 a factor of 24301?
False
Is 15 a factor of 1995?
True
Does 21 divide 218?
False
Does 283 divide 35811?
False
Is 15 a factor of 11220?
True
Is 184 a multiple of 2?
True
Is 180 a factor of 8667?
False
Is 5521 a multiple of 95?
False
Is 88 a factor of 10296?
True
Does 92 divide 187?
False
Is 59 a factor of 1888?
True
Is 827 a multiple of 33?
False
Is 471 a multiple of 93?
False
Is 49 a factor of 637?
True
Is 1254 a multiple of 38?
True
Is 6014 a multiple of 97?
True
Is 34 a factor of 17803?
False
Is 26757 a multiple of 18?
False
Is 869 a multiple of 9?
False
Is 2806 a multiple of 122?
True
Is 38 a factor of 1216?
True
Does 25 divide 3950?
True
Does 5 divide 208?
False
Does 154 divide 12785?
False
Is 2599 a multiple of 24?
False
Is 1656 a multiple of 18?
True
Does 10 divide 4730?
True
Does 19 divide 248?
False
Does 40 divide 800?
True
Does 26 divide 8476?
True
Is 28 a factor of 476?
True
Is 7 a factor of 3514?
True
Is 24 a factor of 12648?
True
Does 63 divide 8345?
False
Does 20 divide 1230?
False
Does 117 divide 8892?
True
Does 11 divide 27456?
True
Is 34 a factor of 6936?
True
Is 8160 a multiple of 46?
False
Is 135 a multiple of 6?
False
Is 40 a factor of 375?
False
Is 66805 a multiple of 31?
True
Does 8 divide 56?
True
Is 88 a factor of 6336?
True
Is 1381 a multiple of 7?
False
Does 9 divide 13967?
False
Is 10 a factor of 4859?
False
Is 2976 even?
True
Is 13 a factor of 1274?
True
Is 7068 a multiple of 57?
True
Does 88 divide 1964?
False
Does 58 divide 606?
False
Does 31 divide 54568?
False
Is 27251 a multiple of 17?
True
Does 39 divide 1450?
False
Does 16 divide 2016?
True
Does 114 divide 1482?
True
Is 15 a factor of 21687?
False
Does 54 divide 17658?
True
Is 764 a multiple of 9?
False
Does 29 divide 8120?
True
Is 11 a factor of 6446?
True
Does 28 divide 1384?
False
Is 8895 a multiple of 5?
True
Is 357 a multiple of 7?
True
Does 18 divide 1384?
False
Is 12 a factor of 1980?
True
Does 2 divide 37?
False
Is 4738 a multiple of 9?
False
Is 166 a multiple of 19?
False
Is 4048 a multiple of 22?
True
Does 74 divide 2268?
False
Is 10 a factor of 230?
True
Is 74 a factor of 1258?
True
Is 25 a factor of 8000?
True
Is 74820 a multiple of 109?
False
Is 1998 a multiple of 83?
False
Does 6 divide 6804?
True
Is 22161 a multiple of 89?
True
Does 3 divide 200?
False
Does 8 divide 3120?
True
Is 750 a multiple of 75?
True
Is 18 a factor of 1249?
False
Is 23 a factor of 19182?
True
Is 294 a multiple of 49?
True
Is 21 a factor of 1613?
False
Does 129 divide 9933?
True
Is 97 a factor of 10540?
False
Does 14 divide 10275?
False
Does 86 divide 9482?
False
Is 14789 a multiple of 23?
True
Is 2 a factor of 272?
True
Is 57 a factor of 59679?
True
Does 38 divide 5395?
False
Does 2 divide 53?
False
Is 324 a multiple of 36?
True
Does 2 divide 4492?
True
Does 118 divide 21138?
False
Is 40626 a multiple of 111?
True
Is 64 a factor of 795?
False
Is 1806 a multiple of 7?
True
Is 245 a multiple of 81?
False
Does 13 divide 6825?
True
Does 47 divide 22368?
False
Is 97 a factor of 1261?
True
Is 19 a factor of 1045?
True
Does 7 divide 6181?
True
Is 55824 a multiple of 344?
False
Is 6 a factor of 6700?
False
Does 8 divide 16?
True
Is 57 a factor of 1000?
False
Is 1877 a multiple of 34?
False
Does 4 divide 996?
True
Does 11 divide 7059?
False
Does 72 divide 11880?
True
Is 73 a factor of 10731?
True
Does 109 divide 2180?
True
Is 28 a factor of 140?
True
Is 79 a factor of 22181?
False
Is 7 a factor of 447?
False
Is 6 a factor of 4062?
True
Is 50 a factor of 15630?
False
Does 2 divide 401?
False
Is 303 a multiple of 24?
Fals